
Is 8687267 a composite number?
True
Is 4471919561 composite?
True
Is 34062019457 a prime number?
True
Is 3007948859 prime?
True
Is 1012756777 a prime number?
True
Is 8468509373 prime?
True
Is 12725792809 a prime number?
True
Is 20708826511 a prime number?
True
Is 577608299 prime?
True
Is 9941206091 a prime number?
True
Is 549254729 prime?
True
Is 6547509671 a composite number?
True
Is 4630420567 prime?
False
Is 810382039 a prime number?
True
Is 1991562707 a prime number?
False
Is 3403995202 prime?
False
Is 504454813 a composite number?
False
Is 58715597573 a prime number?
True
Is 3914320811 composite?
True
Is 899241866 a prime number?
False
Is 16492198501 a composite number?
False
Is 20554426127 a prime number?
False
Is 6676334629 composite?
True
Is 15391751 prime?
True
Is 380807717 a prime number?
True
Is 11676499949 composite?
True
Is 24653496193 prime?
True
Is 24191224409 prime?
False
Is 19533953 prime?
False
Is 56725326059 composite?
False
Is 262942153 prime?
True
Is 125069651569 a composite number?
False
Is 27462732233 composite?
False
Is 45842691409 a prime number?
False
Is 44302853239 prime?
True
Is 1689907223 a prime number?
True
Is 39386681287 a composite number?
False
Is 3406743913 composite?
True
Is 21077654713 a composite number?
True
Is 13415195883 a composite number?
True
Is 4800043217 prime?
False
Is 5016669695 prime?
False
Is 128038297 composite?
True
Is 1252798301 a composite number?
True
Is 45369043319 a prime number?
True
Is 153841991921 composite?
False
Is 48594967522 composite?
True
Is 407233223 a prime number?
False
Is 762029783 prime?
False
Is 1036047947 composite?
True
Is 20074108607 prime?
False
Is 50716284361 prime?
True
Is 275476631 a prime number?
False
Is 1230838123 a prime number?
False
Is 18464248717 prime?
False
Is 22967416729 composite?
False
Is 632248907 prime?
False
Is 25248555623 a composite number?
False
Is 2019333013 prime?
True
Is 241484521 a prime number?
False
Is 81170409347 composite?
True
Is 22792073669 a prime number?
False
Is 74396898931 a prime number?
False
Is 137731675162 a composite number?
True
Is 7497892997 prime?
False
Is 1557624247 a prime number?
False
Is 27082679869 composite?
True
Is 4357835039 prime?
False
Is 22783140623 a prime number?
False
Is 794528219 prime?
True
Is 250529287 a composite number?
True
Is 4186876107 a composite number?
True
Is 8944405997 a composite number?
True
Is 11087596229 prime?
False
Is 24073439459 prime?
True
Is 673662167 composite?
False
Is 21459571645 a composite number?
True
Is 149085247 a composite number?
True
Is 15119881109 a prime number?
False
Is 444374783 composite?
False
Is 10840992871 a composite number?
True
Is 217708553 composite?
False
Is 349003904233 composite?
False
Is 12202011881 composite?
False
Is 11807124337 prime?
False
Is 11072909431 a composite number?
True
Is 65677999 a composite number?
True
Is 739135993 prime?
True
Is 673595873 prime?
True
Is 676018201 composite?
False
Is 629528503 a composite number?
True
Is 170476467269 a composite number?
False
Is 17509841 prime?
True
Is 8251372289 prime?
False
Is 2132176897 a composite number?
False
Is 12046351619 composite?
True
Is 2809808921 prime?
True
Is 59719053 a composite number?
True
Is 1063044293 a prime number?
True
Is 1943022437 prime?
False
Is 2418148921 composite?
False
Is 870596627 composite?
False
Is 30910995469 prime?
True
Is 467777808903 composite?
True
Is 38921363007 a prime number?
False
Is 51121823 prime?
True
Is 377553339697 a composite number?
False
Is 5427033169 a prime number?
True
Is 2080705997 prime?
False
Is 246188249 composite?
False
Is 5493186679 a prime number?
True
Is 179819437777 a composite number?
True
Is 43283543 a composite number?
False
Is 5569088935 a prime number?
False
Is 46608757543 composite?
False
Is 2153515597 prime?
True
Is 236630761 prime?
True
Is 12741768877 prime?
False
Is 503638523 a prime number?
True
Is 21618004777 prime?
False
Is 61377350329 composite?
False
Is 133906213027 composite?
False
Is 328244684639 composite?
False
Is 549933689 prime?
True
Is 2254474379 prime?
False
Is 725272907 a prime number?
True
Is 2226129217 prime?
False
Is 63791869391 prime?
True
Is 16925090851 prime?
True
Is 5549898313 prime?
True
Is 156347119 a composite number?
False
Is 1442407883 prime?
False
Is 109465471793 a composite number?
False
Is 513097829 prime?
True
Is 2135132501 composite?
False
Is 29219904551 composite?
False
Is 2796041243 a prime number?
True
Is 412617299 prime?
True
Is 1108764115 a composite number?
True
Is 24160487909 prime?
False
Is 16997820233 a prime number?
True
Is 2850728471 prime?
False
Is 580456087 composite?
True
Is 183898801 a prime number?
True
Is 35075037383 prime?
True
Is 2470153933 a prime number?
False
Is 42277782427 prime?
True
Is 2529046147 prime?
False
Is 136610799389 prime?
True
Is 36583159857 prime?
False
Is 31061607509 composite?
True
Is 66106581223 composite?
False
Is 1976000827 composite?
False
Is 1872345389 composite?
False
Is 4414632227 a prime number?
False
Is 788825743 a composite number?
False
Is 563270507923 a composite number?
False
Is 6433955557 composite?
False
Is 318802859 prime?
True
Is 268879703 a prime number?
False
Is 5617198637 prime?
True
Is 395424503 a composite number?
False
Is 831424162 a composite number?
True
Is 2603783683 prime?
True
Is 182319719 a prime number?
False
Is 94841699 a prime number?
False
Is 2989204489 composite?
True
Is 7677436883 a composite number?
True
Is 553908101 prime?
True
Is 90997883087 a prime number?
True
Is 393972802 prime?
False
Is 9426545707 prime?
True
Is 5593713407 a prime number?
True
Is 2078817323 a composite number?
True
Is 34345637399 composite?
False
Is 114360433829 a prime number?
True
Is 7304665529 composite?
True
Is 32700082543 a prime number?
True
Is 10308360065 composite?
True
Is 3325568711 a composite number?
True
Is 1681779031 prime?
True
Is 274695937 composite?
False
Is 31119221279 a composite number?
False
Is 20041238927 a composite number?
False
Is 228302919043 a prime number?
True
Is 509839549 a prime number?
False
Is 814799047 a composite number?
False
Is 142073461 a prime number?
False
Is 428208661 a prime number?
False
Is 945481882 prime?
False
Is 598996399 a composite number?
True
Is 1440289039 composite?
True
Is 1883006239 a composite number?
False
Is 47759455619 a prime number?
False
Is 257725835 prime?
False
Is 177658651 composite?
False
Is 9914223329 a composite number?
True
Is 264110924387 composite?
True
Is 358020587 a prime number?
True
Is 5430800577 composite?
True
Is 12468718333 composite?
False
Is 16776781361 prime?
False
Is 9935355982 a composite number?
True
Is 736988323 prime?
True
Is 113695627067 a composite number?
True
Is 71149986779 prime?
True
Is 21182739869 prime?
True
Is 5816103323 prime?
False
Is 512445877 a composite number?
False
Is 5042534263 a prime number?
False
Is 240762943 a composite number?
False
Is 762821621 a prime number?
True
Is 903989891 a composite number?
True
Is 23044829945 prime?
False
Is 12673137007 a composite number?
False
Is 820078123 prime?
False
Is 574382441 composite?
True
Is 53448660667 prime?
True
Is 13958476663 a composite number?
False
Is 3483252821 a prime number?
True
Is 740293529 a composite number?
False
Is 4479221507 prime?
True
Is 123565039277 a composite number?
False
Is 8806821609 a composite number?
True
Is 1268662981 composite?
False
Is 3596083151 prime?
False
Is 214420649 prime?
True
Is 18743542507 a prime number?
False
Is 60672463 a composite number?
True
Is 2064790939 prime?
True
Is 1402145179 a prime number?
True
Is 16986062969 composite?
False
Is 3265100141 prime?
False
Is 181352681 a composite number?
True
Is 707043761 composite?
False
Is 983765077 a prime number?
True
Is 19813693247 composite?
False
Is 7207390621 a composite number?
True
Is 993070973 a prime number?
True
Is 4264759847 a composite number?
False
Is 135428177519 composite?
True
Is 2874076039 prime?
False
Is 14054150827 composite?
True
Is 16120799449 prime?
False
Is 17695408141 a prime number?
True
Is 7377729357 prime?
False
Is 12637291 a composite number?
True
Is 9412398523 a prime number?
False
Is 13075823707 a composite number?
False
Is 612051887 a composite number?
False
Is 24821549083 a composite number?
False
Is 190395